10-21 18:31:26.228 1979 2948 D WindowManager: wms.Input focus has changed to null display=0 updateInputWindows = false
10-21 18:31:26.228 1979 2948 I MultiSenceManagerInternalStub: getInstance
10-21 18:31:26.229 3211 3211 D EventBus: No subscribers registered for event class com.miui.home.recents.messages.TaskSnapshotChangedEvent
10-21 18:31:26.229 3211 3211 D EventBus: No subscribers registered for event class org.greenrobot.eventbus.NoSubscriberEvent
10-21 18:31:26.235 1275 3959 I SurfaceFlinger: sf.setTransactionState focusRequest transactionId:8499740448066 frontWin:82c2e74 com.oF2pks.applicationsinfo/com.oF2pks.applicationsinfo.DetailActivity
10-21 18:31:26.242 1275 1275 I SurfaceFlinger: sf.transactionIsReadyToBeApplied focusRequest transactionId:8499740448066
10-21 18:31:26.244 1275 2182 D SurfaceFlinger: updateInputFlinger::setFocusedWindow: windowName=82c2e74 com.oF2pks.applicationsinfo/com.oF2pks.applicationsinfo.DetailActivity focusRequests.size=1
10-21 18:31:26.246 1979 2948 I ActivityTaskManager: FDST clear freefrom to full...
10-21 18:31:26.251 1979 2948 D MiuiFreeFormGestureController: getFreeformStackBounds() bounds: Rect(0, 0 - 1079, 2399) isFreeformLandscape: false
10-21 18:31:26.251 1979 2948 D MiuiFreeFormManagerService: action: 7dispatchFreeFormStackModeChanged freeFormASInfo = Stack id=689 bounds=[0,0][1079,2399] displayId=0 userId=0 windowState=1 freeFormScale=1.0 packageName=com.oF2pks.applicationsinfo smallWindowBounds=[0,0][0,0] configuration={1.0 286mcc3mnc [en_US] ldltr sw392dp w392dp h872dp 440dpi nrml long hdr widecg port finger -keyb/v/h dpad/v winConfig={ mBounds=Rect(0, 0 - 1079, 2399) mAppBounds=Rect(0, 0 - 1079, 2399) mMaxBounds=Rect(0, 0 - 1080, 2400) mDisplayRotation=ROTATION_0 mWindowingMode=freeform mDisplayWindowingMode=fullscreen mActivityType=standard mAlwaysOnTop=on mRotation=ROTATION_0 mInSplitScreen=false letterBoxed=false foScaled=false} as.11 s.730 fontWeightAdjustment=0 themeChanged=0 themeChangedFlags=0 extraData = Bundle[{}]/d} ImeAppBounds:null ;isMultiWindowMode:false inPinMode=false isForegroundPin=false windowScaleX=0.0 windowScaleY=0.0 windowRoundCorner=0.0 pinFloatingWindowPos=Rect(0, 0 - 0, 0)
10-21 18:31:26.251 1979 2948 D MiuiFreeFormManagerService: freeformCornerRadius=0.0 runningPinAnim=falseisNormalFreeForm=true timestamp=1729524686156 mHadHideStackFormFullScreen=false
10-21 18:31:26.252 1979 2948 D MiuiFreeFormGuideTipHelper: showFreeFormTipViewByBounds type:0 x:0 y:0 bounds:Rect(0, 0 - 0, 0) arrowMode:0
10-21 18:31:26.255 1979 2948 D ActivityTaskManager: show freeform task surface: Task{bb5f795 #689 type=standard A=10121:com.oF2pks.applicationsinfo U=0 visible=true visibleRequested=true mode=freeform translucent=false sz=2}
10-21 18:31:26.264 3211 11175 D RecentsModel: onTaskStackChangedBackground
10-21 18:31:26.264 3211 25393 D RecentsModel: onTaskStackChangedBackground
10-21 18:31:26.264 3211 11175 D EventBus: No subscribers registered for event class com.miui.home.recents.messages.RecentTasksChangedEvent
10-21 18:31:26.264 3211 11175 D EventBus: No subscribers registered for event class org.greenrobot.eventbus.NoSubscriberEvent
10-21 18:31:26.264 3211 25393 D EventBus: No subscribers registered for event class com.miui.home.recents.messages.RecentTasksChangedEvent
10-21 18:31:26.264 3211 25393 D EventBus: No subscribers registered for event class org.greenrobot.eventbus.NoSubscriberEvent
10-21 18:31:26.265 3211 5896 D RecentsModel: onTaskStackChangedBackground MSG_TASK_STACK_CHANGE
10-21 18:31:26.265 3211 5896 D RecentsModel: preloadRecents
10-21 18:31:26.265 3211 5896 W RecentsModel: getRunningTask
10-21 18:31:26.266 1979 2948 I SmartPower.ginlemon.flowerfree/10108(14181): idle->visible(7682ms) R(become visible) adj=600.
10-21 18:31:26.269 1979 2948 I ActivityTaskManager: The Process ginlemon.flowerfree Already Exists in BG. So sending its PID: 14181
10-21 18:31:26.269 1150 1362 E ANDR-PERF-LM: MetaMeter: handleAsync() 166: AdaptLaunch Invalid Async
10-21 18:31:26.275 1979 2948 D CompatibilityInfo: mCompatibilityFlags - 0
10-21 18:31:26.275 1979 2948 D CompatibilityInfo: applicationDensity - 440
10-21 18:31:26.275 1979 2948 D CompatibilityInfo: applicationScale - 1.0
10-21 18:31:26.282 1979 2948 D ActivityTaskManager: switchFocusedTaskIfNeed setFocusedTask(): Task{67c50a1 #645 type=home I=ginlemon.flowerfree/ginlemon.flower.HomeScreen U=0 rootTaskId=1 visible=true visibleRequested=true mode=fullscreen translucent=false sz=1}current: ActivityRecord{66ba6ab u0 ginlemon.flowerfree/ginlemon.flower.HomeScreen} t645} topResumed: ActivityRecord{c4420f7 u0 com.oF2pks.applicationsinfo/.DetailActivity} t689}
10-21 18:31:26.284 14181 14181 W ActivityThread: getPackageInfo() called with an older ApplicationInfo than the cached version for package ginlemon.flowerfree
10-21 18:31:26.286 1979 2948 D MiuiFreeFormGestureController: launchSmallFreeFormWindow
10-21 18:31:26.297 3211 3211 D TouchInteractionService: onSystemUiFlagsChanged, mSystemUiStateFlags=20800
10-21 18:31:26.297 3172 3172 V PanelExpansionStateManager: go state: OPEN -> OPEN
10-21 18:31:26.298 3172 3172 V PanelExpansionStateManager: panelExpansionChanged:start state=OPEN end state=OPEN f=1.0 expanded=true tracking=falsedrawDownPxAmount=2224.0 fullyOpened
10-21 18:31:26.300 3211 6543 D RecentsModel: removeInVisibleTask baseActivity=ComponentInfo{com.miui.home/com.miui.home.launcher.Launcher}
10-21 18:31:26.300 3211 6543 D RecentsModel: removeInVisibleTask baseActivity=ComponentInfo{com.smartpack.packagemanager/com.smartpack.packagemanager.MainActivity}
10-21 18:31:26.300 3211 6543 D RecentsModel: removeInVisibleTask baseActivity=ComponentInfo{com.miui.home/com.miui.home.recents.RecentsActivity}
10-21 18:31:26.300 3211 6543 W RecentsModel: getRunningTask taskInfo=TaskInfo{userId=0 taskId=645 displayId=0 isRunning=true baseIntent=Intent { act=android.intent.action.MAIN cat=[android.intent.category.HOME] flg=0x10000000 cmp=ginlemon.flowerfree/ginlemon.flower.HomeScreen } baseActivity=ComponentInfo{ginlemon.flowerfree/ginlemon.flower.HomeScreen} topActivity=ComponentInfo{ginlemon.flowerfree/ginlemon.flower.HomeScreen} origActivity=null realActivity=ComponentInfo{ginlemon.flowerfree/ginlemon.flower.HomeScreen} numActivities=1 lastActiveTime=18063355 supportsSplitScreenMultiWindow=true supportsMultiWindow=true resizeMode=2 isResizeable=true minWidth=-1 minHeight=-1 defaultMinSize=200 token=WCT{android.window.IWindowContainerToken$Stub$Proxy@66695f3} topActivityType=2 pictureInPictureParams=null shouldDockBigOverlays=false launchIntoPipHostTaskId=0 displayCutoutSafeInsets=Rect(0, 90 - 0, 0) topActivityInfo=ActivityInfo{85012b0 ginlemon.flower.HomeScreen} launchCookies=[] positionInParent=Point(0, 0) parentTaskId=-1 isFocused=true isVisible=true isSleeping=false topActivityInSizeCompat=false topActivityInMiuiSizeCompat=false topActivityEligibleForLetterboxEducation= false locusId=null displayAreaFeatureId=1 cameraCompatControlState=hidden mIsCastMode=false}
10-21 18:31:26.301 3211 6543 W RecentsModel: getTaskInfoIgnoreFreeform taskInfo=ComponentInfo{ginlemon.flowerfree/ginlemon.flower.HomeScreen}
10-21 18:31:26.301 3211 6543 W RecentsImpl: getTopActivity from AMS. cn=ComponentInfo{ginlemon.flowerfree/ginlemon.flower.HomeScreen}
10-21 18:31:26.301 3211 6543 W RecentsImpl: adaptToTopActivity cn=ComponentInfo{ginlemon.flowerfree/ginlemon.flower.HomeScreen}
10-21 18:31:26.302 3211 6543 W RecentsImpl: onResumed className=ginlemon.flower.HomeScreen mIsInAnotherPro=false isKeyguardLocked=false mSecuritySpaceGuideShown=false
10-21 18:31:26.302 1979 2784 D MiuiMultiWindowUtils: small freeform: {width:270.0, height:480.0}
10-21 18:31:26.302 3211 6543 D RecentsModel: onTaskStackChangedBackground
10-21 18:31:26.302 1979 2740 D CameraBlackCoveredManager: mForegroundPackage = ginlemon.flowerfree mOccupiedPackage = com.android.camera
10-21 18:31:26.302 4622 26825 I ProcessMonitor: onForegroundInfoChanged: ForegroundInfo{mForegroundPackageName='ginlemon.flowerfree', mForegroundUid=10108, mForegroundPid=14181, mLastForegroundPackageName='com.oF2pks.applicationsinfo', mLastForegroundUid=10121, mLastForegroundPid=16171, mMultiWindowForegroundPackageName='com.oF2pks.applicationsinfo', mMultiWindowForegroundUid=10121, mFlags=0}
10-21 18:31:26.303 1979 2740 I NetworkBoostStatusManager: onForegroundInfoChanged uid:10108, isColdStart:false
10-21 18:31:26.303 1979 2740 I SLM-SRV-SLAToast: foreground uid:10108, isColdStart:false, isLinkTurboEnable:false
10-21 18:31:26.303 1979 2740 D NetworkSDKService: handleMultiAppsDualWifi isSet = false isEverOpened = false
10-21 18:31:26.303 3211 6543 D SmallWindowStateHelper: dispatchFreeFormStackModeChanged action=7, stackInfo=Stack id=689 bounds=[0,0][1079,2399] displayId=0 userId=0 windowState=1 freeFormScale=1.0 packageName=com.oF2pks.applicationsinfo smallWindowBounds=[0,0][0,0] configuration={1.0 286mcc3mnc [en_US] ldltr sw392dp w392dp h872dp 440dpi nrml long hdr widecg port finger -keyb/v/h dpad/v winConfig={ mBounds=Rect(0, 0 - 1079, 2399) mAppBounds=Rect(0, 0 - 1079, 2399) mMaxBounds=Rect(0, 0 - 1080, 2400) mDisplayRotation=ROTATION_0 mWindowingMode=freeform mDisplayWindowingMode=fullscreen mActivityType=standard mAlwaysOnTop=on mRotation=ROTATION_0 mInSplitScreen=false letterBoxed=false foScaled=false} as.11 s.730 fontWeightAdjustment=0 themeChanged=0 themeChangedFlags=0 extraData = Bundle[EMPTY_PARCEL]/d} ImeAppBounds:null ;isMultiWindowMode:false inPinMode=false isForegroundPin=false windowScaleX=0.0 windowScaleY=0.0 windowRoundCorner=0.0 pinFloatingWindowPos=Rect(0, 0 - 0, 0)
10-21 18:31:26.303 3211 6543 D SmallWindowStateHelper: freeformCornerRadius=0.0 runningPinAnim=falseisNormalFreeForm=true timestamp=1729524686156 mHadHideStackFormFullScreen=false
10-21 18:31:26.303 5617 14583 I GST : forePkg: ginlemon.flowerfree, preForePkg: com.oF2pks.applicationsinfo
10-21 18:31:26.304 1979 2784 D MiuiMultiWindowUtils: leftTopWindowBounds: Rect(33, 227 - 303, 707) rightTopWindowBounds:Rect(777, 227 - 1047, 707) leftBottomWindowBounds: Rect(33, 1693 - 303, 2173) rightBottomWindowBounds:Rect(777, 1693 - 1047, 2173) position:2
10-21 18:31:26.304 3172 3172 D KeyguardEditorHelper: onTopActivityMayChanged, topActivity=ComponentInfo{ginlemon.flowerfree/ginlemon.flower.HomeScreen}; mState=IDEL
10-21 18:31:26.304 3172 3172 I FocusedNotifPromptContr: onTopActivityMayChanged: topActivity=ginlemon.flowerfree
10-21 18:31:26.304 3172 3172 I FocusedNotifPromptContr: topActivityMayChanged: topActivity=ginlemon.flowerfree
10-21 18:31:26.305 3211 6543 D AppObserver: ForegroundInfo{mForegroundPackageName='ginlemon.flowerfree', mForegroundUid=10108, mForegroundPid=14181, mLastForegroundPackageName='com.oF2pks.applicationsinfo', mLastForegroundUid=10121, mLastForegroundPid=16171, mMultiWindowForegroundPackageName='com.oF2pks.applicationsinfo', mMultiWindowForegroundUid=10121, mFlags=0}
10-21 18:31:26.305 4622 26825 I GameBoosterService: onForegroundInfoChanged: Cur=ginlemon.flowerfree last=com.oF2pks.applicationsinfo
10-21 18:31:26.305 4622 4692 D x1 : myUserId = 0 currentUserId0
10-21 18:31:26.309 3172 3172 V PanelExpansionStateManager: go state: OPEN -> OPEN
10-21 18:31:26.309 3172 3172 V PanelExpansionStateManager: panelExpansionChanged:start state=OPEN end state=OPEN f=1.0 expanded=true tracking=falsedrawDownPxAmount=2224.0 fullyOpened
10-21 18:31:26.310 1275 3959 I SurfaceFlinger: sf.setTransactionState focusRequest transactionId:8499740448081 frontWin:
10-21 18:31:26.312 3211 5896 D RecentsModel: removeInVisibleTask baseActivity=ComponentInfo{com.miui.home/com.miui.home.launcher.Launcher}
10-21 18:31:26.312 3211 5896 D RecentsModel: removeInVisibleTask baseActivity=ComponentInfo{com.smartpack.packagemanager/com.smartpack.packagemanager.MainActivity}
10-21 18:31:26.313 3211 5896 D RecentsModel: removeInVisibleTask baseActivity=ComponentInfo{com.miui.home/com.miui.home.recents.RecentsActivity}
10-21 18:31:26.313 3211 5896 W RecentsModel: getRunningTask taskInfo=TaskInfo{userId=0 taskId=645 displayId=0 isRunning=true baseIntent=Intent { act=android.intent.action.MAIN cat=[android.intent.category.HOME] flg=0x10000000 cmp=ginlemon.flowerfree/ginlemon.flower.HomeScreen } baseActivity=ComponentInfo{ginlemon.flowerfree/ginlemon.flower.HomeScreen} topActivity=ComponentInfo{ginlemon.flowerfree/ginlemon.flower.HomeScreen} origActivity=null realActivity=ComponentInfo{ginlemon.flowerfree/ginlemon.flower.HomeScreen} numActivities=1 lastActiveTime=18063359 supportsSplitScreenMultiWindow=true supportsMultiWindow=true resizeMode=2 isResizeable=true minWidth=-1 minHeight=-1 defaultMinSize=200 token=WCT{android.window.IWindowContainerToken$Stub$Proxy@3e9c529} topActivityType=2 pictureInPictureParams=null shouldDockBigOverlays=false launchIntoPipHostTaskId=0 displayCutoutSafeInsets=Rect(0, 90 - 0, 0) topActivityInfo=ActivityInfo{b51a0ae ginlemon.flower.HomeScreen} launchCookies=[] positionInParent=Point(0, 0) parentTaskId=-1 isFocused=true isVisible=true isSleeping=false topActivityInSizeCompat=false topActivityInMiuiSizeCompat=false topActivityEligibleForLetterboxEducation= false locusId=null displayAreaFeatureId=1 cameraCompatControlState=hidden mIsCastMode=false}
10-21 18:31:26.313 3211 5896 W RecentsModel: getTaskInfoIgnoreHomeAndFreeform taskInfo=ComponentInfo{ginlemon.flowerfree/ginlemon.flower.HomeScreen}
10-21 18:31:26.314 3211 5896 E ActivityManagerWrapper: get all recent tasks force including 645
10-21 18:31:26.321 1979 4356 W ProcessStats: Tracking association SourceState{6c78b4a com.miui.securitycenter:ui/1000 BTopFgs #39438} whose proc state 2 is better than process ProcessState{50375c1 com.miui.securitycenter.remote/1000 pkg=com.miui.securitycenter} proc state 3 (50 skipped)
10-21 18:31:26.321 1979 2784 D MiuiMultiWindowUtils: small freeform: {width:270.0, height:480.0}
10-21 18:31:26.322 1979 2784 D MiuiMultiWindowUtils: originalRatio = 1.0
10-21 18:31:26.324 1979 2784 D MiuiMultiWindowUtils: screenType:1 launchBounds:Rect(162, 261 - 1242, 1989) boundWidth:1080 boundHeight:1728 sScale:0.7 freeform size:756.0,1209.6
10-21 18:31:26.325 1275 1275 I SurfaceFlinger: sf.transactionIsReadyToBeApplied focusRequest transactionId:8499740448081
10-21 18:31:26.325 1979 2784 D MiuiMultiWindowUtils: getOriFreeformScale:: scale=0.7 isDesktopModeActive:false packageName:com.oF2pks.applicationsinfo
10-21 18:31:26.325 3172 3172 V PanelExpansionStateManager: go state: OPEN -> OPEN
10-21 18:31:26.325 3172 3172 V PanelExpansionStateManager: panelExpansionChanged:start state=OPEN end state=OPEN f=1.0 expanded=true tracking=falsedrawDownPxAmount=2224.0 fullyOpened
10-21 18:31:26.326 1275 2182 D SurfaceFlinger: updateInputFlinger::setFocusedWindow: windowName= focusRequests.size=1
10-21 18:31:26.341 1979 2784 D MiuiFreeFormGesturePointerEventListener: launchSmallFreeFormWindow stack=MiuiFreeFormActivityStack{ mStackID=689 mUserId=0 mDisplayId=0 mPackageName=com.oF2pks.applicationsinfo mFreeFormScale=1.0 mIsLaunchingSmallFreeForm=true mTaskAnimationAdapter=null mMiuiFreeFromWindowMode=1 mConfiguration={1.0 286mcc3mnc [en_US] ldltr sw392dp w392dp h872dp 440dpi nrml long hdr widecg port finger -keyb/v/h dpad/v winConfig={ mBounds=Rect(0, 0 - 1080, 2400) mAppBounds=Rect(0, 0 - 1080, 2400) mMaxBounds=Rect(0, 0 - 1080, 2400) mDisplayRotation=ROTATION_0 mWindowingMode=freeform mDisplayWindowingMode=fullscreen mActivityType=standard mAlwaysOnTop=on mRotation=ROTATION_0 mInSplitScreen=false letterBoxed=false foScaled=false} as.11 s.730 fontWeightAdjustment=0 themeChanged=0 themeChangedFlags=0 extraData = Bundle[{}]/d} ImeAppBounds:null ;isMultiWindowMode:false mHadHideStack=falsemHadHideStackFormFullScreen= false mStartExitStack=false mStackRatio=手机比例 mNeedAnimation=true mSwitchingApp=false mIsLandcapeFreeform=false mIsRelaunchingActivityInTask=false mStackBeenHandled=false mSmallWindowBounds=Rect(777, 227 - 1047, 707) mCVWControlInfo=CVWControlInfo{ taskBounds=Rect(0, 0 - 0, 0) miniFreeformBounds=Rect(0, 0 - 0, 0) freeFormScale=1.0 needRemoveCvwCoverLayer=false fullConfiguration=null isSwitchedToFreeform=false} mInPinMode=false mIsRunningPinAnim=false mIsRunningUnPinAnim=false mWindowScaleX=0.0 mWindowScaleY=0.0 mPinFloatingWindowFinalRoundCorner=0.0 mPinFloatingWindowPos=Rect(0, 0 - 0, 0) mFreeformCornerRadius=34.797028 isNormalFreeForm=true timestamp=1729524686156 mTask.inFreeformWindowingMode()=true mTask.originatingUid=0}
10-21 18:31:26.342 4622 26825 D GameBoosterService: onGameStatusChange foreground:ForegroundInfo{mForegroundPackageName='ginlemon.flowerfree', mForegroundUid=10108, mForegroundPid=14181, mLastForegroundPackageName='com.oF2pks.applicationsinfo', mLastForegroundUid=10121, mLastForegroundPid=16171, mMultiWindowForegroundPackageName='com.oF2pks.applicationsinfo', mMultiWindowForegroundUid=10121, mFlags=0}
10-21 18:31:26.342 3172 3172 V PanelExpansionStateManager: go state: OPEN -> OPEN
10-21 18:31:26.342 3172 3172 V PanelExpansionStateManager: panelExpansionChanged:start state=OPEN end state=OPEN f=1.0 expanded=true tracking=falsedrawDownPxAmount=2224.0 fullyOpened
10-21 18:31:26.343 4622 26825 I VideoBoxUtils: isSupportVideoBox: false
10-21 18:31:26.343 4622 26825 I VideoToolBoxService: vtb is closed!!!
10-21 18:31:26.343 4622 26825 I AppPredictService: difTIme = 10738
10-21 18:31:26.347 4622 5508 E SuggestManager: openApp name = ginlemon.flowerfree
10-21 18:31:26.347 4622 5508 I NewAutoTaskManager: app use - delay = 9223372036854775807, doRemove = false, doPost = false
10-21 18:31:26.348 3211 5896 E ActivityManagerWrapper: getRecentTasks: size=20
10-21 18:31:26.348 3211 5896 E ActivityManagerWrapper: getRecentTasks: mainTaskId=689 userId=0 baseIntent=Intent { act=android.intent.action.MAIN flag=268435456 cmp=ComponentInfo{com.oF2pks.applicationsinfo/com.oF2pks.applicationsinfo.MainActivity} }
10-21 18:31:26.348 3211 5896 E ActivityManagerWrapper: getRecentTasks: mainTaskId=786 userId=0 baseIntent=Intent { act=android.intent.action.MAIN flag=268435456 cmp=ComponentInfo{com.smartpack.packagemanager/com.smartpack.packagemanager.activities.StartActivity} }
10-21 18:31:26.348 3211 5896 E ActivityManagerWrapper: getRecentTasks: mainTaskId=791 userId=0 baseIntent=Intent { act=android.settings.WIFI_SETTINGS flag=335544320 cmp=ComponentInfo{com.android.settings/com.android.settings.Settings$WifiSettingsActivity} }
10-21 18:31:26.348 3211 5896 E ActivityManagerWrapper: getRecentTasks: mainTaskId=764 userId=0 baseIntent=Intent { act=android.intent.action.MAIN flag=268435456 cmp=ComponentInfo{org.fossify.phone/org.fossify.phone.activities.SplashActivity.Green} }
10-21 18:31:26.348 3211 5896 E ActivityManagerWrapper: getRecentTasks: mainTaskId=784 userId=0 baseIntent=Intent { act=android.service.quicksettings.action.QS_TILE_PREFERENCES flag=335544320 cmp=ComponentInfo{moe.haruue.wadb/moe.haruue.wadb.component.HomeActivity} }
10-21 18:31:26.348 3211 5896 E ActivityManagerWrapper: getRecentTasks: mainTaskId=770 userId=0 baseIntent=Intent { act=android.intent.action.MAIN flag=268435456 cmp=ComponentInfo{net.dinglisch.android.taskerm/net.dinglisch.android.taskerm.Tasker} }
10-21 18:31:26.348 3211 5896 E ActivityManagerWrapper: getRecentTasks: mainTaskId=656 userId=0 baseIntent=Intent { act=android.intent.action.MAIN flag=268435456 cmp=ComponentInfo{com.microsoft.emmx/com.microsoft.ruby.Main} }
10-21 18:31:26.348 3211 5896 E ActivityManagerWrapper: getRecentTasks: mainTaskId=756 userId=0 baseIntent=Intent { act=android.intent.action.MAIN flag=268435456 cmp=ComponentInfo{com.android.camera/com.android.camera.Camera} }
10-21 18:31:26.348 3211 5896 E ActivityManagerWrapper: getRecentTasks: mainTaskId=744 userId=0 baseIntent=Intent { act=android.settings.SETTINGS flag=335544320 cmp=ComponentInfo{com.android.settings/com.android.settings.MiuiSettings} }
10-21 18:31:26.348 3211 5896 E ActivityManagerWrapper: getRecentTasks: mainTaskId=717 userId=0 baseIntent=Intent { act=android.intent.action.VIEW flag=318767107 cmp=ComponentInfo{dev.zwander.installwithoptions/dev.zwander.installwithoptions.MainActivity} }
10-21 18:31:26.348 3211 5896 E ActivityManagerWrapper: getRecentTasks: mainTaskId=715 userId=0 baseIntent=Intent { act=android.intent.action.MAIN flag=268435456 cmp=ComponentInfo{com.aurora.store.nightly/com.aurora.store.MainActivity} }
10-21 18:31:26.348 3211 5896 E ActivityManagerWrapper: getRecentTasks: mainTaskId=706 userId=0 baseIntent=Intent { act=null flag=268435456 cmp=ComponentInfo{com.tom.hadi/com.tom.ui.hadi.MainActivity} }
10-21 18:31:26.348 3211 5896 E ActivityManagerWrapper: getRecentTasks: mainTaskId=649 userId=0 baseIntent=Intent { act=android.intent.action.MAIN flag=268435456 cmp=ComponentInfo{com.whatsapp/com.whatsapp.Main} }
10-21 18:31:26.348 3211 5896 E ActivityManagerWrapper: getRecentTasks: mainTaskId=685 userId=0 baseIntent=Intent { act=android.intent.action.VIEW flag=335544320 cmp=ComponentInfo{org.fdroid.fdroid/org.fdroid.fdroid.views.main.MainActivity} }
10-21 18:31:26.348 3211 5896 E ActivityManagerWrapper: getRecentTasks: mainTaskId=676 userId=0 baseIntent=Intent { act=android.intent.action.MAIN flag=268435456 cmp=ComponentInfo{com.ivianuu.oneplusgestures/com.ivianuu.vivid.app.MainActivity} }
10-21 18:31:26.349 3211 5896 E ActivityManagerWrapper: getRecentTasks: mainTaskId=650 userId=0 baseIntent=Intent { act=android.intent.action.MAIN flag=268435456 cmp=ComponentInfo{com.termux/com.termux.app.TermuxActivity} }
10-21 18:31:26.349 3211 5896 E ActivityManagerWrapper: getRecentTasks: mainTaskId=655 userId=0 baseIntent=Intent { act=android.intent.action.MAIN flag=268435456 cmp=ComponentInfo{com.android.vending/com.android.vending.AssetBrowserActivity} }
10-21 18:31:26.349 3211 5896 E ActivityManagerWrapper: getRecentTasks: mainTaskId=643 userId=0 baseIntent=Intent { act=android.intent.action.MAIN flag=270532608 cmp=ComponentInfo{ginlemon.flowerfree/ginlemon.flower.HomeScreen} }
10-21 18:31:26.349 3211 5896 E ActivityManagerWrapper: getRecentTasks: mainTaskId=642 userId=0 baseIntent=Intent { act=android.intent.action.MAIN flag=270532608 cmp=ComponentInfo{com.softwarebakery.drivedroid/com.softwarebakery.drivedroid.MainActivity} }
10-21 18:31:26.349 3211 5896 E ActivityManagerWrapper: getRecentTasks: mainTaskId=625 userId=0 baseIntent=Intent { act=android.intent.action.MAIN flag=270532608 cmp=ComponentInfo{com.sunilpaulmathew.debloater/com.sunilpaulmathew.debloater.activities.StartActivity} }
10-21 18:31:26.351 4622 6237 E AppPredict: insert result = 3122
10-21 18:31:26.353 1979 4356 D CompatibilityInfo: mCompatibilityFlags - 0
10-21 18:31:26.353 1979 4356 D CompatibilityInfo: applicationDensity - 440
10-21 18:31:26.353 1979 4356 D CompatibilityInfo: applicationScale - 1.0
10-21 18:31:26.356 1979 2784 W MiuiFreeFormWindowMotionHelper: startGestureAnimation mCurrentAnimation:14
10-21 18:31:26.356 1979 2784 D MiuiFreeFormWindowMotionHelper: applyScaleHomeAnimation
10-21 18:31:26.357 1979 2060 D CoreBackPreview: Window{fa5c27e u0 Freeform-HotSpotView}: Setting back callback OnBackInvokedCallbackInfo{mCallback=android.window.WindowOnBackInvokedDispatcher$OnBackInvokedCallbackWrapper@ed7888a, mPriority=0}
10-21 18:31:26.358 3172 3172 V PanelExpansionStateManager: go state: OPEN -> OPEN
10-21 18:31:26.358 3172 3172 V PanelExpansionStateManager: panelExpansionChanged:start state=OPEN end state=OPEN f=1.0 expanded=true tracking=falsedrawDownPxAmount=2224.0 fullyOpened
10-21 18:31:26.362 4622 4702 I BubbleRemoteService: bindBubblesService true
10-21 18:31:26.363 4622 4702 I BubbleRemoteService: dispatchFreeFormStackModeChanged: action=7 cu=0 stackInfo=Stack id=689 bounds=[0,0][1079,2399] displayId=0 userId=0 windowState=1 freeFormScale=1.0 packageName=com.oF2pks.applicationsinfo smallWindowBounds=[0,0][0,0] configuration={1.0 286mcc3mnc [en_US] ldltr sw392dp w392dp h872dp 440dpi nrml long hdr widecg port finger -keyb/v/h dpad/v winConfig={ mBounds=Rect(0, 0 - 1079, 2399) mAppBounds=Rect(0, 0 - 1079, 2399) mMaxBounds=Rect(0, 0 - 1080, 2400) mDisplayRotation=ROTATION_0 mWindowingMode=freeform mDisplayWindowingMode=fullscreen mActivityType=standard mAlwaysOnTop=on mRotation=ROTATION_0 mInSplitScreen=false letterBoxed=false foScaled=false} as.11 s.730 fontWeightAdjustment=0 themeChanged=0 themeChangedFlags=0 extraData = Bundle[EMPTY_PARCEL]/d} ImeAppBounds:null ;isMultiWindowMode:false inPinMode=false isForegroundPin=false windowScaleX=0.0 windowScaleY=0.0 windowRoundCorner=0.0 pinFloatingWindowPos=Rect(0, 0 - 0, 0)
10-21 18:31:26.363 4622 4702 I BubbleRemoteService: freeformCornerRadius=0.0 runningPinAnim=falseisNormalFreeForm=true timestamp=1729524686156 mHadHideStackFormFullScreen=false
10-21 18:31:26.364 1979 3013 I NetworkBoostStatusManager: handle: 106
10-21 18:31:26.365 14530 14530 I MiuiBubbles.BubblesServices: onCreate: ...
10-21 18:31:26.366 4622 4702 I BubbleRemoteService: Already bound
10-21 18:31:26.368 14530 14530 I BubblesSettings: notifyBubbleAppChanged: setBubbleNotificationSwitch
10-21 18:31:26.369 1979 2784 D MiuiFreeFormActivityStack: set controller to FREEFORM freeformStack:MiuiFreeFormActivityStack{ mStackID=1 mUserId=0 mDisplayId=0 mPackageName=ginlemon.flowerfree mFreeFormScale=0.7 mIsLaunchingSmallFreeForm=false mTaskAnimationAdapter=com.android.server.wm.MiuiFreeFormAnimationAdapter@90f0971 mMiuiFreeFromWindowMode=-1 mConfiguration={1.0 286mcc3mnc [en_US] ldltr sw392dp w392dp h792dp 440dpi nrml long hdr widecg port finger -keyb/v/h dpad/v winConfig={ mBounds=Rect(0, 0 - 1080, 2400) mAppBounds=Rect(0, 90 - 1080, 2270) mMaxBounds=Rect(0, 0 - 1080, 2400) mDisplayRotation=ROTATION_0 mWindowingMode=fullscreen mDisplayWindowingMode=fullscreen mActivityType=home mAlwaysOnTop=undefined mRotation=ROTATION_0 mInSplitScreen=false letterBoxed=false foScaled=false} as.11 s.730 fontWeightAdjustment=0 themeChanged=0 themeChangedFlags=0 extraData = Bundle[{}]/d} ImeAppBounds:null ;isMultiWindowMode:false mHadHideStack=falsemHadHideStackFormFullScreen= false mStartExitStack=false mStackRatio=手机比例 mNeedAnimation=true mSwitchingApp=false mIsLandcapeFreeform=false mIsRelaunchingActivityInTask=false mStackBeenHandled=false mCVWControlInfo=null mInPinMode=false mIsRunningPinAnim=false mIsRunningUnPinAnim=false mWindowScaleX=0.0 mWindowScaleY=0.0 mPinFloatingWindowFinalRoundCorner=0.0 mPinFloatingWindowPos=Rect(0, 0 - 0, 0) mFreeformCornerRadius=0.0 isNormalFreeForm=true timestamp=0 mTask.inFreeformWindowingMode()=false mTask.originatingUid=0}
10-21 18:31:26.369 1979 2784 W MiuiFreeFormWindowMotionHelper: startGestureAnimation mCurrentAnimation:12
10-21 18:31:26.370 1979 2784 D MiuiFreeFormSmallWindowMotionHelper: startShowFreeFormWindow bottomTask == null
10-21 18:31:26.370 1979 2784 D MiuiFreeFormWindowMotionHelper: applyLaunchSmallFreeFormWindow
10-21 18:31:26.370 1979 2784 D MiuiMultiWindowUtils: small freeform: {width:270.0, height:480.0}
10-21 18:31:26.370 1979 2784 D MiuiMultiWindowUtils: leftTopWindowBounds: Rect(33, 227 - 303, 707) rightTopWindowBounds:Rect(777, 227 - 1047, 707) leftBottomWindowBounds: Rect(33, 1693 - 303, 2173) rightBottomWindowBounds:Rect(777, 1693 - 1047, 2173) position:2
10-21 18:31:26.371 1979 2784 D MiuiMultiWindowUtils: small freeform: {width:270.0, height:480.0}
10-21 18:31:26.372 1979 2784 D MiuiFreeFormActivityStack: set controller to FREEFORM freeformStack:MiuiFreeFormActivityStack{ mStackID=689 mUserId=0 mDisplayId=0 mPackageName=com.oF2pks.applicationsinfo mFreeFormScale=1.0 mIsLaunchingSmallFreeForm=true mTaskAnimationAdapter=com.android.server.wm.MiuiFreeFormAnimationAdapter@236efd7 mMiuiFreeFromWindowMode=1 mConfiguration={1.0 286mcc3mnc [en_US] ldltr sw392dp w392dp h872dp 440dpi nrml long hdr widecg port finger -keyb/v/h dpad/v winConfig={ mBounds=Rect(0, 0 - 1080, 2400) mAppBounds=Rect(0, 0 - 1080, 2400) mMaxBounds=Rect(0, 0 - 1080, 2400) mDisplayRotation=ROTATION_0 mWindowingMode=freeform mDisplayWindowingMode=fullscreen mActivityType=standard mAlwaysOnTop=on mRotation=ROTATION_0 mInSplitScreen=false letterBoxed=false foScaled=false} as.11 s.730 fontWeightAdjustment=0 themeChanged=0 themeChangedFlags=0 extraData = Bundle[{}]/d} ImeAppBounds:null ;isMultiWindowMode:false mHadHideStack=falsemHadHideStackFormFullScreen= false mStartExitStack=false mStackRatio=手机比例 mNeedAnimation=true mSwitchingApp=false mIsLandcapeFreeform=false mIsRelaunchingActivityInTask=false mStackBeenHandled=false mSmallWindowBounds=Rect(777, 227 - 1047, 707) mCVWControlInfo=CVWControlInfo{ taskBounds=Rect(0, 0 - 0, 0) miniFreeformBounds=Rect(0, 0 - 0, 0) freeFormScale=1.0 needRemoveCvwCoverLayer=false fullConfiguration=null isSwitchedToFreeform=false} mInPinMode=false mIsRunningPinAnim=false mIsRunningUnPinAnim=false mWindowScaleX=0.0 mWindowScaleY=0.0 mPinFloatingWindowFinalRoundCorner=0.0 mPinFloatingWindowPos=Rect(0, 0 - 0, 0) mFreeformCornerRadius=34.797028 isNormalFreeForm=true timestamp=1729524686156 mTask.inFreeformWindowingMode()=true mTask.originatingUid=0}
10-21 18:31:26.372 1979 3013 D SLM-SRV-SLAService: isModemSingnalStrengthStatus = 0
10-21 18:31:26.375 3172 3172 V PanelExpansionStateManager: go state: OPEN -> OPEN
10-21 18:31:26.375 3172 3172 V PanelExpansionStateManager: panelExpansionChanged:start state=OPEN end state=OPEN f=1.0 expanded=true tracking=falsedrawDownPxAmount=2224.0 fullyOpened
10-21 18:31:26.375 1979 27747 D MiuiFreeFormWindowMotionHelper: hideScreenSurface:Surface(name=Freeform_ScreenshotSurface)/@0x8ff234
10-21 18:31:26.376 1979 2060 D HotSpotView: hide
10-21 18:31:26.377 1979 2060 W Looper : Slow dispatch took 224ms android.ui h=com.android.server.wm.ActivityTaskManagerService$UiHandler c=com.android.server.wm.MiuiFreeFormWindowController$18@d5c365 m=0
10-21 18:31:26.380 3211 6543 D RecentsModel: onTaskStackChangedBackground
10-21 18:31:26.381 3211 25393 D RecentsModel: onTaskStackChangedBackground
10-21 18:31:26.381 3211 25393 D EventBus: No subscribers registered for event class com.miui.home.recents.messages.RecentTasksChangedEvent
10-21 18:31:26.381 3211 25393 D EventBus: No subscribers registered for event class org.greenrobot.eventbus.NoSubscriberEvent
10-21 18:31:26.381 4622 4702 I SCTaskStackListener: onTaskStackChanged! inSplit = false
10-21 18:31:26.383 1979 27744 E MiuiMiPerfStubImpl: readFile, IOException e:/sys/class/thermal/thermal_message/sconfig: open failed: ENOENT (No such file or directory)
10-21 18:31:26.383 3172 3172 D KeyguardEditorHelper: onTopActivityMayChanged, topActivity=ComponentInfo{ginlemon.flowerfree/ginlemon.flower.HomeScreen}; mState=IDEL
10-21 18:31:26.384 3172 3172 I FocusedNotifPromptContr: onTopActivityMayChanged: topActivity=ginlemon.flowerfree
10-21 18:31:26.384 3172 3172 I FocusedNotifPromptContr: topActivityMayChanged: topActivity=ginlemon.flowerfree
10-21 18:31:26.387 3211 6543 D RecentsModel: onTaskStackChangedBackground
10-21 18:31:26.388 3211 6543 D EventBus: No subscribers registered for event class com.miui.home.recents.messages.RecentTasksChangedEvent
10-21 18:31:26.388 3211 6543 D EventBus: No subscribers registered for event class org.greenrobot.eventbus.NoSubscriberEvent
10-21 18:31:26.391 1275 1275 D MI-SF : [FpsStat] distroy...
10-21 18:31:26.392 3172 3172 V PanelExpansionStateManager: go state: OPEN -> OPEN
10-21 18:31:26.392 3172 3172 V PanelExpansionStateManager: panelExpansionChanged:start state=OPEN end state=OPEN f=1.0 expanded=true tracking=falsedrawDownPxAmount=2224.0 fullyOpened
10-21 18:31:26.393 1275 1275 D MI-SF : [FpsStat] distroy...
10-21 18:31:26.399 4622 26825 I SCTaskStackListener: onTaskStackChanged! inSplit = false
10-21 18:31:26.400 3172 3370 I OneHandedController: stopOneHanded mState = 0, uiEvent = 5
10-21 18:31:26.400 3172 3370 D OneHandedController: stopOneHanded state isTransitioning or STATE_NONE
10-21 18:31:26.400 14530 14530 W MiuiBubbles.Positioner: update positioner: insets: Insets{left=0, top=90, right=0, bottom=130} bounds: Rect(0, 0 - 1080, 2400)
10-21 18:31:26.404 1979 2060 D CoreBackPreview: Window{13d7cc7 u0 Freeform-BottomBar-HotSpotView}: Setting back callback OnBackInvokedCallbackInfo{mCallback=android.window.WindowOnBackInvokedDispatcher$OnBackInvokedCallbackWrapper@c4a8492, mPriority=0}
10-21 18:31:26.405 3211 5896 D RecentsModel: onTaskStackChangedBackground MSG_TASK_STACK_CHANGE
10-21 18:31:26.405 1979 2060 W Looper : Slow delivery took 225ms android.ui h=com.android.server.wm.ActivityTaskManagerService$UiHandler c=com.android.server.wm.MiuiFreeFormWindowController$20@68857de m=0
10-21 18:31:26.405 3211 5896 D RecentsModel: preloadRecents
10-21 18:31:26.405 3211 5896 W RecentsModel: getRunningTask
10-21 18:31:26.405 1979 2060 D MiuiFreeFormPerformanceHelper: beginSchedUiThread type=4098
10-21 18:31:26.406 1979 2060 D MultiTaskActionManager: notifyMultiTaskActionStart: ActionInfo{type=free form action: show, uid=1000, drawnTids=[2060, 2580]}
10-21 18:31:26.407 1979 2749 D SchedBoost: thread tid=3172, priority is set to -10
10-21 18:31:26.407 1979 2749 D SchedBoost: thread tid=3534, priority is set to -10
10-21 18:31:26.407 16171 16171 W View : requestLayout() improperly called by android.widget.TextView{687939d V.ED..... ......ID 198,40-647,114} during layout: running second layout pass
10-21 18:31:26.409 3211 5896 D RecentsModel: removeInVisibleTask baseActivity=ComponentInfo{com.miui.home/com.miui.home.launcher.Launcher}
10-21 18:31:26.409 3211 5896 D RecentsModel: removeInVisibleTask baseActivity=ComponentInfo{com.smartpack.packagemanager/com.smartpack.packagemanager.MainActivity}
10-21 18:31:26.409 3211 5896 D RecentsModel: removeInVisibleTask baseActivity=ComponentInfo{com.miui.home/com.miui.home.recents.RecentsActivity}
10-21 18:31:26.409 3211 5896 W RecentsModel: getRunningTask taskInfo=TaskInfo{userId=0 taskId=645 displayId=0 isRunning=true baseIntent=Intent { act=android.intent.action.MAIN cat=[android.intent.category.HOME] flg=0x10000000 cmp=ginlemon.flowerfree/ginlemon.flower.HomeScreen } baseActivity=ComponentInfo{ginlemon.flowerfree/ginlemon.flower.HomeScreen} topActivity=ComponentInfo{ginlemon.flowerfree/ginlemon.flower.HomeScreen} origActivity=null realActivity=ComponentInfo{ginlemon.flowerfree/ginlemon.flower.HomeScreen} numActivities=1 lastActiveTime=18063464 supportsSplitScreenMultiWindow=true supportsMultiWindow=true resizeMode=2 isResizeable=true minWidth=-1 minHeight=-1 defaultMinSize=200 token=WCT{android.window.IWindowContainerToken$Stub$Proxy@54a9e4f} topActivityType=2 pictureInPictureParams=null shouldDockBigOverlays=false launchIntoPipHostTaskId=0 displayCutoutSafeInsets=Rect(0, 90 - 0, 0) topActivityInfo=ActivityInfo{d1ba9dc ginlemon.flower.HomeScreen} launchCookies=[] positionInParent=Point(0, 0) parentTaskId=-1 isFocused=true isVisible=true isSleeping=false topActivityInSizeCompat=false topActivityInMiuiSizeCompat=false topActivityEligibleForLetterboxEducation= false locusId=null displayAreaFeatureId=1 cameraCompatControlState=hidden mIsCastMode=false}
10-21 18:31:26.409 3211 5896 W RecentsModel: getTaskInfoIgnoreHomeAndFreeform taskInfo=ComponentInfo{ginlemon.flowerfree/ginlemon.flower.HomeScreen}
10-21 18:31:26.410 1979 2060 D OverlayView: onFinishInflate
10-21 18:31:26.410 3211 5896 E ActivityManagerWrapper: get all recent tasks force including 645
10-21 18:31:26.411 3172 3172 V PanelExpansionStateManager: go state: OPEN -> OPEN
10-21 18:31:26.411 3172 3172 V PanelExpansionStateManager: panelExpansionChanged:start state=OPEN end state=OPEN f=1.0 expanded=true tracking=falsedrawDownPxAmount=2224.0 fullyOpened
10-21 18:31:26.414 14530 14530 D MiuiBubbles.Positioner: getFreeFormAccessibleArea: rect = Rect(0, 90 - 1080, 2270)
10-21 18:31:26.415 14530 14530 I MiuiBubbles.FFC: create: registerFreeformCallback
10-21 18:31:26.415 14530 14530 I BubblesSettings: notifyBubbleAppChanged: restorePinnedAppsIfNeed
10-21 18:31:26.416 14181 14181 D IS_CTS_MODE: false
10-21 18:31:26.416 14181 14181 D MULTI_WINDOW_ENABLED: false
10-21 18:31:26.417 14530 14530 I MiuiBubbles.FFC: restorePinnedAppsIfNeed: []
10-21 18:31:26.423 16171 16171 D MiuiDecorCaptionView: dispatchFreeFormStackModeChanged action=7 stackInfo=Stack id=689 bounds=[0,0][1079,2399] displayId=0 userId=0 windowState=1 freeFormScale=1.0 packageName=com.oF2pks.applicationsinfo smallWindowBounds=[0,0][0,0] configuration={1.0 286mcc3mnc [en_US] ldltr sw392dp w392dp h872dp 440dpi nrml long hdr widecg port finger -keyb/v/h dpad/v winConfig={ mBounds=Rect(0, 0 - 1079, 2399) mAppBounds=Rect(0, 0 - 1079, 2399) mMaxBounds=Rect(0, 0 - 1080, 2400) mDisplayRotation=ROTATION_0 mWindowingMode=freeform mDisplayWindowingMode=fullscreen mActivityType=standard mAlwaysOnTop=on mRotation=ROTATION_0 mInSplitScreen=false letterBoxed=false foScaled=false} as.11 s.730 fontWeightAdjustment=0 themeChanged=0 themeChangedFlags=0 extraData = Bundle[EMPTY_PARCEL]/d} ImeAppBounds:null ;isMultiWindowMode:false inPinMode=false isForegroundPin=false windowScaleX=0.0 windowScaleY=0.0 windowRoundCorner=0.0 pinFloatingWindowPos=Rect(0, 0 - 0, 0)
10-21 18:31:26.423 16171 16171 D MiuiDecorCaptionView: freeformCornerRadius=0.0 runningPinAnim=falseisNormalFreeForm=true timestamp=1729524686156 mHadHideStackFormFullScreen=false
10-21 18:31:26.424 14181 14181 D DecorView[]: getWindowModeFromSystem windowmode is 1
10-21 18:31:26.424 4622 4622 I BubbleRemoteService: onServiceConnected: ComponentInfo{com.miui.securitycenter/com.miui.bubbles.services.BubblesService}
10-21 18:31:26.426 3172 3172 V PanelExpansionStateManager: go state: OPEN -> OPEN
10-21 18:31:26.426 3172 3172 V PanelExpansionStateManager: panelExpansionChanged:start state=OPEN end state=OPEN f=1.0 expanded=true tracking=falsedrawDownPxAmount=2224.0 fullyOpened
10-21 18:31:26.433 3211 5896 E ActivityManagerWrapper: getRecentTasks: size=20
10-21 18:31:26.433 3211 5896 E ActivityManagerWrapper: getRecentTasks: mainTaskId=689 userId=0 baseIntent=Intent { act=android.intent.action.MAIN flag=268435456 cmp=ComponentInfo{com.oF2pks.applicationsinfo/com.oF2pks.applicationsinfo.MainActivity} }
10-21 18:31:26.433 3211 5896 E ActivityManagerWrapper: getRecentTasks: mainTaskId=786 userId=0 baseIntent=Intent { act=android.intent.action.MAIN flag=268435456 cmp=ComponentInfo{com.smartpack.packagemanager/com.smartpack.packagemanager.activities.StartActivity} }
10-21 18:31:26.433 3211 5896 E ActivityManagerWrapper: getRecentTasks: mainTaskId=791 userId=0 baseIntent=Intent { act=android.settings.WIFI_SETTINGS flag=335544320 cmp=ComponentInfo{com.android.settings/com.android.settings.Settings$WifiSettingsActivity} }
10-21 18:31:26.434 3211 5896 E ActivityManagerWrapper: getRecentTasks: mainTaskId=764 userId=0 baseIntent=Intent { act=android.intent.action.MAIN flag=268435456 cmp=ComponentInfo{org.fossify.phone/org.fossify.phone.activities.SplashActivity.Green} }
10-21 18:31:26.434 3211 5896 E ActivityManagerWrapper: getRecentTasks: mainTaskId=784 userId=0 baseIntent=Intent { act=android.service.quicksettings.action.QS_TILE_PREFERENCES flag=335544320 cmp=ComponentInfo{moe.haruue.wadb/moe.haruue.wadb.component.HomeActivity} }
10-21 18:31:26.434 3211 5896 E ActivityManagerWrapper: getRecentTasks: mainTaskId=770 userId=0 baseIntent=Intent { act=android.intent.action.MAIN flag=268435456 cmp=ComponentInfo{net.dinglisch.android.taskerm/net.dinglisch.android.taskerm.Tasker} }
10-21 18:31:26.434 3211 5896 E ActivityManagerWrapper: getRecentTasks: mainTaskId=656 userId=0 baseIntent=Intent { act=android.intent.action.MAIN flag=268435456 cmp=ComponentInfo{com.microsoft.emmx/com.microsoft.ruby.Main} }
10-21 18:31:26.434 3211 5896 E ActivityManagerWrapper: getRecentTasks: mainTaskId=756 userId=0 baseIntent=Intent { act=android.intent.action.MAIN flag=268435456 cmp=ComponentInfo{com.android.camera/com.android.camera.Camera} }
10-21 18:31:26.434 3211 5896 E ActivityManagerWrapper: getRecentTasks: mainTaskId=744 userId=0 baseIntent=Intent { act=android.settings.SETTINGS flag=335544320 cmp=ComponentInfo{com.android.settings/com.android.settings.MiuiSettings} }
10-21 18:31:26.434 3211 5896 E ActivityManagerWrapper: getRecentTasks: mainTaskId=717 userId=0 baseIntent=Intent { act=android.intent.action.VIEW flag=318767107 cmp=ComponentInfo{dev.zwander.installwithoptions/dev.zwander.installwithoptions.MainActivity} }
10-21 18:31:26.434 3211 5896 E ActivityManagerWrapper: getRecentTasks: mainTaskId=715 userId=0 baseIntent=Intent { act=android.intent.action.MAIN flag=268435456 cmp=ComponentInfo{com.aurora.store.nightly/com.aurora.store.MainActivity} }
10-21 18:31:26.434 3211 5896 E ActivityManagerWrapper: getRecentTasks: mainTaskId=706 userId=0 baseIntent=Intent { act=null flag=268435456 cmp=ComponentInfo{com.tom.hadi/com.tom.ui.hadi.MainActivity} }
10-21 18:31:26.434 3211 5896 E ActivityManagerWrapper: getRecentTasks: mainTaskId=649 userId=0 baseIntent=Intent { act=android.intent.action.MAIN flag=268435456 cmp=ComponentInfo{com.whatsapp/com.whatsapp.Main} }
10-21 18:31:26.434 3211 5896 E ActivityManagerWrapper: getRecentTasks: mainTaskId=685 userId=0 baseIntent=Intent { act=android.intent.action.VIEW flag=335544320 cmp=ComponentInfo{org.fdroid.fdroid/org.fdroid.fdroid.views.main.MainActivity} }
10-21 18:31:26.434 3211 5896 E ActivityManagerWrapper: getRecentTasks: mainTaskId=676 userId=0 baseIntent=Intent { act=android.intent.action.MAIN flag=268435456 cmp=ComponentInfo{com.ivianuu.oneplusgestures/com.ivianuu.vivid.app.MainActivity} }
10-21 18:31:26.434 3211 5896 E ActivityManagerWrapper: getRecentTasks: mainTaskId=650 userId=0 baseIntent=Intent { act=android.intent.action.MAIN flag=268435456 cmp=ComponentInfo{com.termux/com.termux.app.TermuxActivity} }
10-21 18:31:26.434 3211 5896 E ActivityManagerWrapper: getRecentTasks: mainTaskId=655 userId=0 baseIntent=Intent { act=android.intent.action.MAIN flag=268435456 cmp=ComponentInfo{com.android.vending/com.android.vending.AssetBrowserActivity} }
10-21 18:31:26.434 3211 5896 E ActivityManagerWrapper: getRecentTasks: mainTaskId=643 userId=0 baseIntent=Intent { act=android.intent.action.MAIN flag=270532608 cmp=ComponentInfo{ginlemon.flowerfree/ginlemon.flower.HomeScreen} }
10-21 18:31:26.434 3211 5896 E ActivityManagerWrapper: getRecentTasks: mainTaskId=642 userId=0 baseIntent=Intent { act=android.intent.action.MAIN flag=270532608 cmp=ComponentInfo{com.softwarebakery.drivedroid/com.softwarebakery.drivedroid.MainActivity} }
10-21 18:31:26.434 3211 5896 E ActivityManagerWrapper: getRecentTasks: mainTaskId=625 userId=0 baseIntent=Intent { act=android.intent.action.MAIN flag=270532608 cmp=ComponentInfo{com.sunilpaulmathew.debloater/com.sunilpaulmathew.debloater.activities.StartActivity} }
10-21 18:31:26.435 3211 11175 D TaskStackChangeListeners: onTaskDescriptionChanged = taskId = 645
10-21 18:31:26.436 3211 11175 D TaskStackChangeListeners: onTaskDescriptionChanged = taskId = 1
10-21 18:31:26.438 1979 2060 D CoreBackPreview: Window{5e184b6 u0 Freeform-OverLayView}: Setting back callback OnBackInvokedCallbackInfo{mCallback=android.window.WindowOnBackInvokedDispatcher$OnBackInvokedCallbackWrapper@9caa48d, mPriority=0}
10-21 18:31:26.439 16171 16171 D DecorView[]: getWindowModeFromSystem windowmode is 5
10-21 18:31:26.439 16171 16171 D DecorView[]: updateDecorCaptionStatus windowMode is 5
10-21 18:31:26.441 3172 3172 V PanelExpansionStateManager: go state: OPEN -> OPEN
10-21 18:31:26.441 1979 2060 D MiuiFreeFormWindowController: hideOverlayView
10-21 18:31:26.441 3172 3172 V PanelExpansionStateManager: panelExpansionChanged:start state=OPEN end state=OPEN f=1.0 expanded=true tracking=falsedrawDownPxAmount=2224.0 fullyOpened
10-21 18:31:26.442 14181 14181 I DrawerViewModel: CREATED: io2@71b66c9
10-21 18:31:26.445 16171 16171 D MiuiMultiWindowUtils: getOriFreeformScale:: scale=0.7 isDesktopModeActive:false packageName:com.oF2pks.applicationsinfo
10-21 18:31:26.449 1275 1398 D MI-SF : [FpsStat] construct...
10-21 18:31:26.459 3172 3172 V PanelExpansionStateManager: go state: OPEN -> OPEN
10-21 18:31:26.459 3172 3172 V PanelExpansionStateManager: panelExpansionChanged:start state=OPEN end state=OPEN f=1.0 expanded=true tracking=falsedrawDownPxAmount=2224.0 fullyOpened
10-21 18:31:26.464 1979 2060 D VRI[Freeform-HotSpotView]: vri.reportNextDraw android.view.ViewRootImpl.performTraversals:3742 android.view.ViewRootImpl.doTraversal:36 android.view.ViewRootImpl$TraversalRunnable.run:7 android.view.Choreographer$CallbackRecord.run:20 android.view.Choreographer$CallbackRecord.run:20
10-21 18:31:26.464 1979 2060 D VRI[Freeform-HotSpotView]: vri.Setup new sync id=0 syncSeqId=0
10-21 18:31:26.466 1979 2060 D HotSpotView: mCurrentHotSpot: -1mCurrentRaduis200.0 mCurrentColor:206.0 mCurrentAlpha:0.0getDisplayWidth(): 1080 getDisplayHeight():2400
10-21 18:31:26.468 1979 2580 E perf_hint: Session creation failed, mPreferredRateNanos: -1
10-21 18:31:26.474 16171 16171 D DecorView[]: getWindowModeFromSystem windowmode is 5
10-21 18:31:26.475 16171 16171 D DecorView[]: updateDecorCaptionStatus windowMode is 5
10-21 18:31:26.475 3172 3172 V PanelExpansionStateManager: go state: OPEN -> OPEN
10-21 18:31:26.476 3172 3172 V PanelExpansionStateManager: panelExpansionChanged:start state=OPEN end state=OPEN f=1.0 expanded=true tracking=falsedrawDownPxAmount=2224.0 fullyOpened
10-21 18:31:26.476 1979 2060 D OverlayView: onAttachedToWindow
10-21 18:31:26.477 1275 2246 D MI-SF : setCalledByRotationLayers old = 0, new = 0
10-21 18:31:26.477 3172 3172 D QS : setListening false
10-21 18:31:26.478 16171 16171 D MiuiMultiWindowUtils: getOriFreeformScale:: scale=0.7 isDesktopModeActive:false packageName:com.oF2pks.applicationsinfo
10-21 18:31:26.480 28374 28374 D ML::MiLinkTileService: onStopListening
10-21 18:31:26.480 3172 3735 D BrightnessController: BrightnessObserver: stopObserving.
10-21 18:31:26.493 3172 3172 V PanelExpansionStateManager: go state: OPEN -> OPEN
10-21 18:31:26.493 1979 5440 E SurfaceControl: result = 0, buffer == nullptr = 0
10-21 18:31:26.493 3172 3172 V PanelExpansionStateManager: panelExpansionChanged:start state=OPEN end state=OPEN f=1.0 expanded=true tracking=falsedrawDownPxAmount=2224.0 fullyOpened
10-21 18:31:26.493 1979 5440 E SurfaceControl: screenshotHardwareBuffer is null : 0
10-21 18:31:26.503 1979 2060 D BlurAlgorithm: BlurAlgorithm, blur ......, blurMethod:2, radius:20
10-21 18:31:26.503 1979 2060 D BlurAlgorithm: BlurAlgorithm, blur ......, errResult:0
10-21 18:31:26.503 1979 2060 D BlurAlgorithm: BlurAlgorithm, blur calling ShadowBoxBlur......, radius:20
10-21 18:31:26.509 3172 3172 V PanelExpansionStateManager: go state: OPEN -> OPEN
10-21 18:31:26.509 3172 3172 V PanelExpansionStateManager: panelExpansionChanged:start state=OPEN end state=OPEN f=1.0 expanded=true tracking=falsedrawDownPxAmount=2224.0 fullyOpened
10-21 18:31:26.523 14181 14181 W TabLayout: MODE_SCROLLABLE + GRAVITY_FILL is not supported, GRAVITY_START will be used instead
10-21 18:31:26.526 14181 14181 I WPOffsetInterpolator: setPrimaryDirectionToLeft:
10-21 18:31:26.526 3172 3172 V PanelExpansionStateManager: go state: OPEN -> OPEN
10-21 18:31:26.527 3172 3172 V PanelExpansionStateManager: panelExpansionChanged:start state=OPEN end state=OPEN f=1.0 expanded=true tracking=falsedrawDownPxAmount=2224.0 fullyOpened
10-21 18:31:26.531 1979 4356 D ActivityTaskManager: setRequestedOrientationFreeForm: requestedOrientation= 2 task=Task{67c50a1 #645 type=home I=ginlemon.flowerfree/ginlemon.flower.HomeScreen U=0 rootTaskId=1 visible=true visibleRequested=true mode=fullscreen translucent=false sz=1} MiuiFreeformServicesUtils.getFreeformIgnoreRequestOrientationList()= [com.miui.player, com.sqw.setdl.mi, com.youku.phone, com.tencent.gamehelper.smoba, com.taobao.litetao, com.live.shuoqiudi, com.baidu.homework, com.tencent.qqmusic, cn.xiaochuankeji.zuiyouLite, com.facebook.orca, com.android.browser, com.alibaba.android.rimet, com.miui.gallery, com.android.settings]packageName= ginlemon.flowerfree
10-21 18:31:26.535 3211 11175 D TaskStackChangeListeners: onTaskDescriptionChanged = taskId = 645
10-21 18:31:26.536 3211 11175 D TaskStackChangeListeners: onTaskDescriptionChanged = taskId = 1
10-21 18:31:26.537 3211 11175 D TaskStackChangeListeners: onTaskDescriptionChanged = taskId = 645
10-21 18:31:26.537 3211 9104 D TaskStackChangeListeners: onTaskDescriptionChanged = taskId = 1
10-21 18:31:26.539 16171 16171 E pplicationsinfo: Invalid ID 0x00000000.
10-21 18:31:26.542 3172 3172 V PanelExpansionStateManager: go state: OPEN -> OPEN
10-21 18:31:26.543 3172 3172 V PanelExpansionStateManager: panelExpansionChanged:start state=OPEN end state=OPEN f=1.0 expanded=true tracking=falsedrawDownPxAmount=2224.0 fullyOpened
10-21 18:31:26.547 14181 14181 I WPOffsetInterpolator: onStart:
10-21 18:31:26.552 14181 27662 I isSLDefaultLauncher: finish in 3ms
10-21 18:31:26.555 14181 14181 I KustomVariableAPI: set screen to 1
10-21 18:31:26.559 3172 3172 V PanelExpansionStateManager: go state: OPEN -> OPEN
10-21 18:31:26.559 3172 3172 V PanelExpansionStateManager: panelExpansionChanged:start state=OPEN end state=OPEN f=1.0 expanded=true tracking=falsedrawDownPxAmount=2224.0 fullyOpened
10-21 18:31:26.562 1979 2060 D MiuiFreeFormPerformanceHelper: endSchedUiThread type=4098
10-21 18:31:26.562 1979 2060 D MultiTaskActionManager: notifyMultiTaskActionEnd: ActionInfo{type=free form action: show, uid=1000, drawnTids=[2060, 2580]}
10-21 18:31:26.563 1275 1398 D MI-SF : [FpsStat] construct...
10-21 18:31:26.573 14181 14181 D DecorView[]: getWindowModeFromSystem windowmode is 1
10-21 18:31:26.573 14181 14181 D DecorView[]: updateDecorCaptionStatus windowMode is 1
10-21 18:31:26.576 3172 3172 V PanelExpansionStateManager: go state: OPEN -> OPEN
10-21 18:31:26.576 3172 3172 V PanelExpansionStateManager: panelExpansionChanged:start state=OPEN end state=OPEN f=1.0 expanded=true tracking=falsedrawDownPxAmount=2224.0 fullyOpened
